{"id":584,"date":"2016-03-29T12:38:57","date_gmt":"2016-03-29T12:38:57","guid":{"rendered":"http:\/\/schooltime.aislinthemes.com\/?page_id=584"},"modified":"2021-09-03T11:51:12","modified_gmt":"2021-09-03T15:51:12","slug":"escuela-info","status":"publish","type":"page","link":"http:\/\/www.laprovidenciarecoleta.cl\/inicio\/escuela-info\/","title":{"rendered":"Nuestra Escuela"},"content":{"rendered":"<p>[vc_row][vc_column][vc_custom_heading text=&#8221;Escuela San Jos\u00e9 de la Fundaci\u00f3n Educacional Escuela Providencia de Recoleta&#8221; use_theme_fonts=&#8221;yes&#8221;][vc_row_inner][vc_column_inner][vc_column_text]Nuestro proyecto educativo institucional se encuentra iluminado por el carisma fundacional de la Congregaci\u00f3n religiosa <a href=\"http:\/\/www.hermanasdelaprovidencia.cl\/\">Hermanas de la Providencia<\/a>. Este orienta la acci\u00f3n educativa hacia la interacci\u00f3n de fe, cultura y vida, entregando una formaci\u00f3n integral a la luz del Evangelio, en especial atenci\u00f3n a los m\u00e1s necesitados.[\/vc_column_text][\/vc_column_inner][\/vc_row_inner][\/vc_column][\/vc_row][vc_row][vc_column width=&#8221;1\/2&#8243;][vc_single_image image=&#8221;4354&#8243; img_size=&#8221;full&#8221; css=&#8221;.vc_custom_1582901083684{margin-bottom: 25px !important;}&#8221;][vc_custom_heading text=&#8221;Nuestra Misi\u00f3n y Visi\u00f3n&#8221; font_container=&#8221;tag:h4|text_align:left&#8221; use_theme_fonts=&#8221;yes&#8221;][vc_column_text css=&#8221;.vc_custom_1582897869875{padding-right: 20px !important;}&#8221;]La Escuela San Jos\u00e9 es una Comunidad Educativa Cat\u00f3lica evangelizadora que entrega a los estudiantes de ense\u00f1anza pre\u2013b\u00e1sica y b\u00e1sica, herramientas que les permitan insertarse y desarrollarse comprometidos con la vida, el evangelio y la sociedad<\/p>\n<p>Puedes conocer m\u00e1s de nuestra misi\u00f3n, visi\u00f3n y los principios, valores y sellos que gu\u00edan nuestra labor, a trav\u00e9s de la siguiente p\u00e1gina: <a href=\"http:\/\/www.laprovidenciarecoleta.cl\/inicio\/escuela-info\/mision-y-vision\/\">Misi\u00f3n y Visi\u00f3n<\/a>.[\/vc_column_text][\/vc_column][vc_column width=&#8221;1\/2&#8243; css=&#8221;.vc_custom_1459416622945{margin-bottom: 30px !important;}&#8221;][vc_single_image image=&#8221;4357&#8243; img_size=&#8221;full&#8221; css=&#8221;.vc_custom_1582901007104{margin-bottom: 25px !important;}&#8221;][vc_custom_heading text=&#8221;Nuestra Infraestructura&#8221; font_container=&#8221;tag:h4|text_align:left&#8221; use_theme_fonts=&#8221;yes&#8221;][vc_column_text css=&#8221;.vc_custom_1582899141584{padding-right: 20px !important;}&#8221;]Durante los a\u00f1os recientes nuestro colegio ha realizado un esfuerzo especial en la renovaci\u00f3n de parte de su infraestructura, buscando mejorar cualitativamente el contexto en que se realiza la labor educativa a nuestros estudiantes. En la siguiente p\u00e1gina podr\u00e1s conocer m\u00e1s detalles sobre la actual infraestructura de nuestra instituci\u00f3n: <a href=\"http:\/\/www.laprovidenciarecoleta.cl\/inicio\/escuela-info\/infraestructura\/\">Infraestructura<\/a>.[\/vc_column_text][\/vc_column][\/vc_row][vc_row][vc_column width=&#8221;1\/2&#8243;][vc_single_image image=&#8221;4355&#8243; img_size=&#8221;full&#8221; css=&#8221;.vc_custom_1582901016453{margin-bottom: 25px !important;}&#8221;][vc_custom_heading text=&#8221;Nuestra Planta Docente&#8221; font_container=&#8221;tag:h4|text_align:left&#8221; use_theme_fonts=&#8221;yes&#8221;][vc_column_text css=&#8221;.vc_custom_1582899978153{padding-right: 20px !important;}&#8221;]Nuestra planta docente est\u00e1 formada por profesores y asistentes de la educaci\u00f3n de consolidada formaci\u00f3n acad\u00e9mica y reconocidas caracter\u00edsticas pedag\u00f3gicas, de gesti\u00f3n y val\u00f3rica-cristianas.<\/p>\n<p>M\u00e1s informaci\u00f3n al respecto en la siguiente p\u00e1gina: <a href=\"http:\/\/www.laprovidenciarecoleta.cl\/inicio\/escuela-info\/estamentos\/docentes-y-asistentes-de-la-educacion\/\">Docentes y Asistentes de la Educaci\u00f3n<\/a>.[\/vc_column_text][\/vc_column][vc_column width=&#8221;1\/2&#8243;][\/vc_column][\/vc_row][vc_row disable_element=&#8221;yes&#8221;][vc_column width=&#8221;1\/2&#8243;][\/vc_column][vc_column width=&#8221;1\/2&#8243;][vc_single_image image=&#8221;4356&#8243; img_size=&#8221;full&#8221; css=&#8221;.vc_custom_1582901028557{margin-bottom: 25px !important;}&#8221;][vc_custom_heading text=&#8221;Talleres Extracurriculares&#8221; font_container=&#8221;tag:h4|text_align:left&#8221; use_theme_fonts=&#8221;yes&#8221;][vc_column_text css=&#8221;.vc_custom_1582901189832{padding-right: 20px !important;}&#8221;]Los talleres extraprogr\u00e1maticos ofrecidos por la Escuela est\u00e1n dirigidos a fortalecer las \u00e1reas cient\u00edfica, art\u00edstica y deportiva de nuestros estudiantes, para que desarrollen de manera integral sus dones y talentos.<\/p>\n<p>Conoce todos los talleres, horarios y profesores que los imparten en la siguiente p\u00e1gina: <a href=\"http:\/\/www.laprovidenciarecoleta.cl\/inicio\/escuela-info\/talleres\/\">Talleres Extracurriculares<\/a>.[\/vc_column_text][\/vc_column][\/vc_row]<\/p>\n","protected":false},"excerpt":{"rendered":"<p>[vc_row][vc_column][vc_custom_heading text=&#8221;Escuela San Jos\u00e9 de la Fundaci\u00f3n Educacional Escuela Providencia de Recoleta&#8221; use_theme_fonts=&#8221;yes&#8221;][vc_row_inner][vc_column_inner][vc_column_text]Nuestro proyecto educativo institucional se encuentra iluminado por el carisma fundacional de la Congregaci\u00f3n religiosa Hermanas de la Providencia. Este orienta la acci\u00f3n educativa hacia la interacci\u00f3n de fe, cultura y vida, entregando una formaci\u00f3n integral a la luz del Evangelio, en especial atenci\u00f3n a los m\u00e1s necesitados.[\/vc_column_text][\/vc_column_inner][\/vc_row_inner][\/vc_column][\/vc_row][vc_row][vc_column&nbsp;<a href=\"http:\/\/www.laprovidenciarecoleta.cl\/inicio\/escuela-info\/\">&hellip;<\/a><\/p>\n","protected":false},"author":2,"featured_media":0,"parent":0,"menu_order":0,"comment_status":"closed","ping_status":"closed","template":"template-sidebar-left-childpages.php","meta":{"footnotes":""},"_links":{"self":[{"href":"http:\/\/www.laprovidenciarecoleta.cl\/inicio\/wp-json\/wp\/v2\/pages\/584"}],"collection":[{"href":"http:\/\/www.laprovidenciarecoleta.cl\/inicio\/wp-json\/wp\/v2\/pages"}],"about":[{"href":"http:\/\/www.laprovidenciarecoleta.cl\/inicio\/wp-json\/wp\/v2\/types\/page"}],"author":[{"embeddable":true,"href":"http:\/\/www.laprovidenciarecoleta.cl\/inicio\/wp-json\/wp\/v2\/users\/2"}],"replies":[{"embeddable":true,"href":"http:\/\/www.laprovidenciarecoleta.cl\/inicio\/wp-json\/wp\/v2\/comments?post=584"}],"version-history":[{"count":43,"href":"http:\/\/www.laprovidenciarecoleta.cl\/inicio\/wp-json\/wp\/v2\/pages\/584\/revisions"}],"predecessor-version":[{"id":13084,"href":"http:\/\/www.laprovidenciarecoleta.cl\/inicio\/wp-json\/wp\/v2\/pages\/584\/revisions\/13084"}],"wp:attachment":[{"href":"http:\/\/www.laprovidenciarecoleta.cl\/inicio\/wp-json\/wp\/v2\/media?parent=584"}],"curies":[{"name":"wp","href":"https:\/\/api.w.org\/{rel}","templated":true}]}}