{"id":4279,"date":"2020-01-13T10:46:27","date_gmt":"2020-01-13T13:46:27","guid":{"rendered":"http:\/\/www.laprovidenciarecoleta.cl\/inicio\/?page_id=4279"},"modified":"2023-05-30T17:00:21","modified_gmt":"2023-05-30T21:00:21","slug":"nuestros-sellos","status":"publish","type":"page","link":"http:\/\/www.laprovidenciarecoleta.cl\/inicio\/escuela-info\/mision-y-vision\/nuestros-sellos\/","title":{"rendered":"Nuestros Sellos"},"content":{"rendered":"<p>[vc_row][vc_column][vc_column_text]Los sellos o rasgos propios que nos definen y caracterizan como comunidad educativa son los siguientes:[\/vc_column_text][\/vc_column][\/vc_row][vc_row][vc_column width=&#8221;1\/4&#8243;][vc_single_image image=&#8221;14455&#8243; img_size=&#8221;full&#8221;][\/vc_column][vc_column width=&#8221;3\/4&#8243;][vc_column_text]<\/p>\n<h3>Sello Providencia<\/h3>\n<p>Potencia la educaci\u00f3n integral desde una cosmovisi\u00f3n cat\u00f3lica, desarrolla una actitud de confianza en el amor infinito de Dios, procura un continuo aprendizaje formativo-espiritual de todos los actores educativos y la participaci\u00f3n constante de la comunidad.[\/vc_column_text][\/vc_column][\/vc_row][vc_row][vc_column][vc_separator][\/vc_column][\/vc_row][vc_row][vc_column width=&#8221;1\/4&#8243;][vc_single_image image=&#8221;14460&#8243; img_size=&#8221;full&#8221;][\/vc_column][vc_column width=&#8221;3\/4&#8243;][vc_column_text]<\/p>\n<h3>Esp\u00edritu de Superaci\u00f3n<\/h3>\n<p>Nuestra comunidad educativa se esfuerza cada d\u00eda procurando tomar las decisiones y acciones adecuadas para lograr que cada uno de sus miembros mejoren sus desempe\u00f1os y se superen a s\u00ed mismo.<\/p>\n<p>Promovemos en la y el alumno el desarrollo de la perseverancia, confiar en las propias capacidades\u00a0 y talentos, para progresar como persona, comprendiendo la necesidad de maximizar sus esfuerzos para fomentar y estimular la superaci\u00f3n personal y social.[\/vc_column_text][\/vc_column][\/vc_row][vc_row][vc_column][vc_separator][\/vc_column][\/vc_row][vc_row][vc_column width=&#8221;1\/4&#8243;][vc_single_image image=&#8221;14458&#8243; img_size=&#8221;full&#8221;][\/vc_column][vc_column width=&#8221;3\/4&#8243;][vc_column_text]<\/p>\n<h3>Formaci\u00f3n Ambiental<\/h3>\n<p>Formamos personas sensibles y comprometidas con el desarrollo sustentable, aportando a la creaci\u00f3n de conciencia sobre la protecci\u00f3n del medio ambiente, la preservaci\u00f3n de la naturaleza y la conservaci\u00f3n del patrimonio ambiental. Promovemos la generaci\u00f3n de ciudadanos que\u00a0 participan\u00a0 responsablemente\u00a0 en\u00a0 la\u00a0 definici\u00f3n\u00a0 de\u00a0 una sociedad socio ecol\u00f3gicamente justa, que desarrollen valores como la solidaridad, respeto y austeridad. Canalizando sus capacidades en direcciones que mejoren la calidad de la vida humana, respetando, al mismo tiempo, los ecosistemas que la sustentan.[\/vc_column_text][\/vc_column][\/vc_row][vc_row][vc_column][vc_column_text]En base a estos desarrollamos una propuesta educativa con la finalidad de lograr una formaci\u00f3n integral y de calidad para todos sus estudiantes.[\/vc_column_text][\/vc_column][\/vc_row][vc_row][vc_column][\/vc_column][\/vc_row]<\/p>\n","protected":false},"excerpt":{"rendered":"<p>[vc_row][vc_column][vc_column_text]Los sellos o rasgos propios que nos definen y caracterizan como comunidad educativa son los siguientes:[\/vc_column_text][\/vc_column][\/vc_row][vc_row][vc_column width=&#8221;1\/4&#8243;][vc_single_image image=&#8221;14455&#8243; img_size=&#8221;full&#8221;][\/vc_column][vc_column width=&#8221;3\/4&#8243;][vc_column_text] Sello Providencia Potencia la educaci\u00f3n integral desde una cosmovisi\u00f3n cat\u00f3lica, desarrolla una actitud de confianza en el amor infinito de Dios, procura un continuo aprendizaje formativo-espiritual de todos los actores educativos y la participaci\u00f3n constante de la comunidad.[\/vc_column_text][\/vc_column][\/vc_row][vc_row][vc_column][vc_separator][\/vc_column][\/vc_row][vc_row][vc_column width=&#8221;1\/4&#8243;][vc_single_image image=&#8221;14460&#8243;&nbsp;<a href=\"http:\/\/www.laprovidenciarecoleta.cl\/inicio\/escuela-info\/mision-y-vision\/nuestros-sellos\/\">&hellip;<\/a><\/p>\n","protected":false},"author":2,"featured_media":0,"parent":647,"menu_order":2,"comment_status":"closed","ping_status":"closed","template":"template-sidebar-left-childpages.php","meta":{"footnotes":""},"_links":{"self":[{"href":"http:\/\/www.laprovidenciarecoleta.cl\/inicio\/wp-json\/wp\/v2\/pages\/4279"}],"collection":[{"href":"http:\/\/www.laprovidenciarecoleta.cl\/inicio\/wp-json\/wp\/v2\/pages"}],"about":[{"href":"http:\/\/www.laprovidenciarecoleta.cl\/inicio\/wp-json\/wp\/v2\/types\/page"}],"author":[{"embeddable":true,"href":"http:\/\/www.laprovidenciarecoleta.cl\/inicio\/wp-json\/wp\/v2\/users\/2"}],"replies":[{"embeddable":true,"href":"http:\/\/www.laprovidenciarecoleta.cl\/inicio\/wp-json\/wp\/v2\/comments?post=4279"}],"version-history":[{"count":16,"href":"http:\/\/www.laprovidenciarecoleta.cl\/inicio\/wp-json\/wp\/v2\/pages\/4279\/revisions"}],"predecessor-version":[{"id":14464,"href":"http:\/\/www.laprovidenciarecoleta.cl\/inicio\/wp-json\/wp\/v2\/pages\/4279\/revisions\/14464"}],"up":[{"embeddable":true,"href":"http:\/\/www.laprovidenciarecoleta.cl\/inicio\/wp-json\/wp\/v2\/pages\/647"}],"wp:attachment":[{"href":"http:\/\/www.laprovidenciarecoleta.cl\/inicio\/wp-json\/wp\/v2\/media?parent=4279"}],"curies":[{"name":"wp","href":"https:\/\/api.w.org\/{rel}","templated":true}]}}

<p>[vc_row][vc_column][vc_column_text]Los sellos o rasgos propios que nos definen y caracterizan como comunidad educativa son los siguientes:[/vc_column_text][/vc_column][/vc_row][vc_row][vc_column width=&#8221;1/4&#8243;][vc_single_image image=&#8221;14455&#8243; img_size=&#8221;full&#8221;][/vc_column][vc_column width=&#8221;3/4&#8243;][vc_column_text]</p>
<h3>Sello Providencia</h3>
<p>Potencia la educación integral desde una cosmovisión católica, desarrolla una actitud de confianza en el amor infinito de Dios, procura un continuo aprendizaje formativo-espiritual de todos los actores educativos y la participación constante de la comunidad.[/vc_column_text][/vc_column][/vc_row][vc_row][vc_column][vc_separator][/vc_column][/vc_row][vc_row][vc_column width=&#8221;1/4&#8243;][vc_single_image image=&#8221;14460&#8243; img_size=&#8221;full&#8221;][/vc_column][vc_column width=&#8221;3/4&#8243;][vc_column_text]</p>
<h3>Espíritu de Superación</h3>
<p>Nuestra comunidad educativa se esfuerza cada día procurando tomar las decisiones y acciones adecuadas para lograr que cada uno de sus miembros mejoren sus desempeños y se superen a sí mismo.</p>
<p>Promovemos en la y el alumno el desarrollo de la perseverancia, confiar en las propias capacidades  y talentos, para progresar como persona, comprendiendo la necesidad de maximizar sus esfuerzos para fomentar y estimular la superación personal y social.[/vc_column_text][/vc_column][/vc_row][vc_row][vc_column][vc_separator][/vc_column][/vc_row][vc_row][vc_column width=&#8221;1/4&#8243;][vc_single_image image=&#8221;14458&#8243; img_size=&#8221;full&#8221;][/vc_column][vc_column width=&#8221;3/4&#8243;][vc_column_text]</p>
<h3>Formación Ambiental</h3>
<p>Formamos personas sensibles y comprometidas con el desarrollo sustentable, aportando a la creación de conciencia sobre la protección del medio ambiente, la preservación de la naturaleza y la conservación del patrimonio ambiental. Promovemos la generación de ciudadanos que  participan  responsablemente  en  la  definición  de  una sociedad socio ecológicamente justa, que desarrollen valores como la solidaridad, respeto y austeridad. Canalizando sus capacidades en direcciones que mejoren la calidad de la vida humana, respetando, al mismo tiempo, los ecosistemas que la sustentan.[/vc_column_text][/vc_column][/vc_row][vc_row][vc_column][vc_column_text]En base a estos desarrollamos una propuesta educativa con la finalidad de lograr una formación integral y de calidad para todos sus estudiantes.[/vc_column_text][/vc_column][/vc_row][vc_row][vc_column][/vc_column][/vc_row]</p>

<p>[vc_row][vc_column][vc_column_text]Los sellos o rasgos propios que nos definen y caracterizan como comunidad educativa son los siguientes:[/vc_column_text][/vc_column][/vc_row][vc_row][vc_column width=&#8221;1/4&#8243;][vc_single_image image=&#8221;14455&#8243; img_size=&#8221;full&#8221;][/vc_column][vc_column width=&#8221;3/4&#8243;][vc_column_text] Sello Providencia Potencia la educación integral desde una cosmovisión católica, desarrolla una actitud de confianza en el amor infinito de Dios, procura un continuo aprendizaje formativo-espiritual de todos los actores educativos y la participación constante de la comunidad.[/vc_column_text][/vc_column][/vc_row][vc_row][vc_column][vc_separator][/vc_column][/vc_row][vc_row][vc_column width=&#8221;1/4&#8243;][vc_single_image image=&#8221;14460&#8243;&nbsp;<a href="http://www.laprovidenciarecoleta.cl/inicio/escuela-info/mision-y-vision/nuestros-sellos/">&hellip;</a></p>
