{"id":13097,"date":"2021-09-10T11:32:34","date_gmt":"2021-09-10T14:32:34","guid":{"rendered":"http:\/\/www.laprovidenciarecoleta.cl\/inicio\/?page_id=13097"},"modified":"2021-09-10T11:34:36","modified_gmt":"2021-09-10T14:34:36","slug":"programa-de-integracion-escolar-pie","status":"publish","type":"page","link":"http:\/\/www.laprovidenciarecoleta.cl\/inicio\/escuela-info\/programa-de-integracion-escolar-pie\/","title":{"rendered":"Programa de Integraci\u00f3n Escolar (PIE)"},"content":{"rendered":"<p><strong>Al sumarnos como instituci\u00f3n a una educaci\u00f3n inclusiva, valoramos la diversidad de nuestro estudiantado, respondiendo a sus necesidades en el contexto educativo con el objetivo de facilitar el acceso, participaci\u00f3n y progreso de los y las estudiantes en el curr\u00edculo escolar.<\/strong><\/p>\n<h2>\u00bfQu\u00e9 es el PIE?<\/h2>\n<p>El PIE es una estrategia inclusiva del sistema escolar, cuyo prop\u00f3sito es proporcionar recursos para contribuir al mejoramiento continuo de la calidad de la educaci\u00f3n, favoreciendo la participaci\u00f3n y progreso en los aprendizajes de todos y todas las y las estudiantes.<\/p>\n<h2>\u00bfCu\u00e1l es su objetivo?<\/h2>\n<p>Entregar apoyos adicionales a los estudiantes que presentan Necesidades Educativas Especiales (NEE) de car\u00e1cter permanente o transitorio que asisten a establecimientos de educaci\u00f3n regular.<\/p>\n<p>Este favorece la presencia y participaci\u00f3n en la sala de clases, el logro de los objetivos de aprendizaje y la trayectoria educativa de \u201ctodos y cada uno de los estudiantes\u201d, contribuyendo con ello al mejoramiento continuo de la calidad de la educaci\u00f3n.<\/p>\n<p>Estos objetivos y\u00a0orientaciones se rigen por el DECRETO SUPREMO N\u00ba 170\/2009 del Ministerio de Educaci\u00f3n y el Decreto N\u00b0 83\/2015.<\/p>\n<h2>Funcionamiento<\/h2>\n<p>El PIE se articula con todos los estamentos pertenecientes a la comunidad educativa, enfoc\u00e1ndose principalmente en el trabajo colaborativo del equipo de aula conformado por el\/la docente de asignatura, el profesor\/a diferencial y profesionales especialistas, si as\u00ed se requiere, quienes apoyan directamente el proceso acad\u00e9mico de nuestros y nuestras estudiantes mediante la implementaci\u00f3n de estrategias pedag\u00f3gicas que permiten el acceso y progreso dentro del curr\u00edculum, considerando la diversidad de estilos y ritmos de aprendizaje presentes en un grupo curso.<\/p>\n<p>Los cupos para pertenecer al PIE\u00a0son de cinco estudiantes con necesidades educativas especiales de car\u00e1cter transitorio (NEET) y dos estudiantes con necesidades educativas especiales de car\u00e1cter permanente (NEEP) por curso.<\/p>\n<p>Estas indicaciones son emanadas desde el ministerio de educaci\u00f3n.<\/p>\n<p>&nbsp;<\/p>\n","protected":false},"excerpt":{"rendered":"<p>Al sumarnos como instituci\u00f3n a una educaci\u00f3n inclusiva, valoramos la diversidad de nuestro estudiantado, respondiendo a sus necesidades en el contexto educativo con el objetivo de facilitar el acceso, participaci\u00f3n y progreso de los y las estudiantes en el curr\u00edculo escolar. \u00bfQu\u00e9 es el PIE? El PIE es una estrategia inclusiva del sistema escolar, cuyo prop\u00f3sito es proporcionar recursos para&nbsp;<a href=\"http:\/\/www.laprovidenciarecoleta.cl\/inicio\/escuela-info\/programa-de-integracion-escolar-pie\/\">&hellip;<\/a><\/p>\n","protected":false},"author":2,"featured_media":0,"parent":584,"menu_order":6,"comment_status":"closed","ping_status":"closed","template":"template-sidebar-left-childpages.php","meta":{"footnotes":""},"_links":{"self":[{"href":"http:\/\/www.laprovidenciarecoleta.cl\/inicio\/wp-json\/wp\/v2\/pages\/13097"}],"collection":[{"href":"http:\/\/www.laprovidenciarecoleta.cl\/inicio\/wp-json\/wp\/v2\/pages"}],"about":[{"href":"http:\/\/www.laprovidenciarecoleta.cl\/inicio\/wp-json\/wp\/v2\/types\/page"}],"author":[{"embeddable":true,"href":"http:\/\/www.laprovidenciarecoleta.cl\/inicio\/wp-json\/wp\/v2\/users\/2"}],"replies":[{"embeddable":true,"href":"http:\/\/www.laprovidenciarecoleta.cl\/inicio\/wp-json\/wp\/v2\/comments?post=13097"}],"version-history":[{"count":2,"href":"http:\/\/www.laprovidenciarecoleta.cl\/inicio\/wp-json\/wp\/v2\/pages\/13097\/revisions"}],"predecessor-version":[{"id":13099,"href":"http:\/\/www.laprovidenciarecoleta.cl\/inicio\/wp-json\/wp\/v2\/pages\/13097\/revisions\/13099"}],"up":[{"embeddable":true,"href":"http:\/\/www.laprovidenciarecoleta.cl\/inicio\/wp-json\/wp\/v2\/pages\/584"}],"wp:attachment":[{"href":"http:\/\/www.laprovidenciarecoleta.cl\/inicio\/wp-json\/wp\/v2\/media?parent=13097"}],"curies":[{"name":"wp","href":"https:\/\/api.w.org\/{rel}","templated":true}]}}